{"id":45,"date":"2023-06-08T11:39:12","date_gmt":"2023-06-08T11:39:12","guid":{"rendered":"https:\/\/buz-2-0.de\/?page_id=45"},"modified":"2023-06-08T21:05:22","modified_gmt":"2023-06-08T21:05:22","slug":"datenschutzerklaerung","status":"publish","type":"page","link":"https:\/\/buz-2-0.de\/?page_id=45","title":{"rendered":"Datenschutzerkl\u00e4rung"},"content":{"rendered":"\n<h2 class=\"wp-block-heading\">Wer wir sind<\/h2>\n\n\n\n<p><strong class=\"privacy-policy-tutorial\">  <\/strong>Die Adresse unserer Website ist: https:\/\/buz-2-0.de.<\/p>\n\n\n\n<h2 class=\"wp-block-heading\">Kommentare<\/h2>\n\n\n\n<p>Wenn Besucher Kommentare auf der Website schreiben, sammeln wir die Daten, die im Kommentar-Formular angezeigt werden, au\u00dferdem die IP-Adresse des Besuchers und den User-Agent-String (damit wird der Browser identifiziert), um die Erkennung von Spam zu unterst\u00fctzen.<\/p>\n\n\n\n<p>Aus deiner E-Mail-Adresse kann eine anonymisierte Zeichenfolge erstellt (auch Hash genannt) und dem Gravatar-Dienst \u00fcbergeben werden, um zu pr\u00fcfen, ob du diesen benutzt. Die Datenschutzerkl\u00e4rung des Gravatar-Dienstes findest du hier: https:\/\/automattic.com\/privacy\/. Nachdem dein Kommentar freigegeben wurde, ist dein Profilbild \u00f6ffentlich im Kontext deines Kommentars sichtbar.<\/p>\n\n\n\n<h2 class=\"wp-block-heading\">Medien<\/h2>\n\n\n\n<p><strong class=\"privacy-policy-tutorial\"> <\/strong>Wenn du ein registrierter Benutzer bist und Fotos auf diese Website l\u00e4dst, solltest du vermeiden, Fotos mit einem EXIF-GPS-Standort hochzuladen. Besucher dieser Website k\u00f6nnten Fotos, die auf dieser Website gespeichert sind, herunterladen und deren Standort-Informationen extrahieren.<\/p>\n\n\n\n<h2 class=\"wp-block-heading\">Cookies<\/h2>\n\n\n\n<p> Wenn du einen Kommentar auf unserer Website schreibst, kann das eine Einwilligung sein, deinen Namen, E-Mail-Adresse und Website in Cookies zu speichern. Dies ist eine Komfortfunktion, damit du nicht, wenn du einen weiteren Kommentar schreibst, all diese Daten erneut eingeben musst. Diese Cookies werden ein Jahr lang gespeichert.<\/p>\n\n\n\n<p>Falls du ein Konto hast und dich auf dieser Website anmeldest, werden wir ein tempor\u00e4res Cookie setzen, um festzustellen, ob dein Browser Cookies akzeptiert. Dieses Cookie enth\u00e4lt keine personenbezogenen Daten und wird verworfen, wenn du deinen Browser schlie\u00dft.<\/p>\n\n\n\n<p>Wenn du dich anmeldest, werden wir einige Cookies einrichten, um deine Anmeldeinformationen und Anzeigeoptionen zu speichern. Anmelde-Cookies verfallen nach zwei Tagen und Cookies f\u00fcr die Anzeigeoptionen nach einem Jahr. Falls du bei der Anmeldung \u201eAngemeldet bleiben\u201c ausw\u00e4hlst, wird deine Anmeldung zwei Wochen lang aufrechterhalten. Mit der Abmeldung aus deinem Konto werden die Anmelde-Cookies gel\u00f6scht.<\/p>\n\n\n\n<p>Wenn du einen Artikel bearbeitest oder ver\u00f6ffentlichst, wird ein zus\u00e4tzlicher Cookie in deinem Browser gespeichert. Dieser Cookie enth\u00e4lt keine personenbezogenen Daten und verweist nur auf die Beitrags-ID des Artikels, den du gerade bearbeitet hast. Der Cookie verf\u00e4llt nach einem Tag.<\/p>\n\n\n\n<h2 class=\"wp-block-heading\">Eingebettete Inhalte von anderen Websites<\/h2>\n\n\n\n<p><strong class=\"privacy-policy-tutorial\"> <\/strong>Beitr\u00e4ge auf dieser Website k\u00f6nnen eingebettete Inhalte beinhalten (z.&nbsp;B. Videos, Bilder, Beitr\u00e4ge etc.). Eingebettete Inhalte von anderen Websites verhalten sich exakt so, als ob der Besucher die andere Website besucht h\u00e4tte.<\/p>\n\n\n\n<p>Diese Websites k\u00f6nnen Daten \u00fcber dich sammeln, Cookies benutzen, zus\u00e4tzliche Tracking-Dienste von Dritten einbetten und deine Interaktion mit diesem eingebetteten Inhalt aufzeichnen, inklusive deiner Interaktion mit dem eingebetteten Inhalt, falls du ein Konto hast und auf dieser Website angemeldet bist.<\/p>\n\n\n\n<h2 class=\"wp-block-heading\">Mit wem wir deine Daten teilen<\/h2>\n\n\n\n<p> Wenn du eine Zur\u00fccksetzung des Passworts beantragst, wird deine IP-Adresse in der E-Mail zur Zur\u00fccksetzung enthalten sein.<\/p>\n\n\n\n<h2 class=\"wp-block-heading\">Wie lange wir deine Daten speichern<\/h2>\n\n\n\n<p> Wenn du einen Kommentar schreibst, wird dieser inklusive Metadaten zeitlich unbegrenzt gespeichert. Auf diese Art k\u00f6nnen wir Folgekommentare automatisch erkennen und freigeben, anstatt sie in einer Moderations-Warteschlange festzuhalten.<\/p>\n\n\n\n<p>F\u00fcr Benutzer, die sich auf unserer Website registrieren, speichern wir zus\u00e4tzlich die pers\u00f6nlichen Informationen, die sie in ihren Benutzerprofilen angeben. Alle Benutzer k\u00f6nnen jederzeit ihre pers\u00f6nlichen Informationen einsehen, ver\u00e4ndern oder l\u00f6schen (der Benutzername kann nicht ver\u00e4ndert werden). Administratoren der Website k\u00f6nnen diese Informationen ebenfalls einsehen und ver\u00e4ndern.<\/p>\n\n\n\n<h2 class=\"wp-block-heading\">Welche Rechte du an deinen Daten hast<\/h2>\n\n\n\n<p> Wenn du ein Konto auf dieser Website besitzt oder Kommentare geschrieben hast, kannst du einen Export deiner personenbezogenen Daten bei uns anfordern, inklusive aller Daten, die du uns mitgeteilt hast. Dar\u00fcber hinaus kannst du die L\u00f6schung aller personenbezogenen Daten, die wir von dir gespeichert haben, anfordern. Dies umfasst nicht die Daten, die wir aufgrund administrativer, rechtlicher oder sicherheitsrelevanter Notwendigkeiten aufbewahren m\u00fcssen.<\/p>\n\n\n\n<h2 class=\"wp-block-heading\">Wohin deine Daten gesendet werden<\/h2>\n\n\n\n<p> <strong class=\"privacy-policy-tutorial\"> <\/strong>Besucher-Kommentare k\u00f6nnten von einem automatisierten Dienst zur Spam-Erkennung untersucht werden.<\/p>\n\n\n\n<p><strong>Nutzungsbedingungen f\u00fcr die Nutzung des Forums auf der Website https:\/\/buz-2-0.de<\/strong><br>Gender-Hinweis: Aus Gr\u00fcnden der Vereinfachung und besseren Verst\u00e4ndlichkeit, nicht aber aus Gr\u00fcnden der Diskriminierung, werden Personenbezeichnungen nachfolgend nur in der m\u00e4nnlichen Form verwendet.<br>Die nachfolgenden Nutzungsbedingungen gelten f\u00fcr die Nutzung des Forums auf der Website https:\/\/buz-2-0.de im folgenden &#8222;unsere Website&#8220; genannt.\u00a0Eine Nutzung des Portals ist erst nach Akzeptieren der Nutzungsbedingungen gestattet.<br>\u00a7 1 Grunds\u00e4tzliche Voraussetzungen der Nutzung des Forums<br>(1)\u00a0 F\u00fcr die Nutzung des Forums ist es essentiell, dass der Nutzer die nachfolgenden Forenregeln und \u2013bedingungen akzeptiert. Die Nutzung unseres Forums ist kostenlos.<br>(2)\u00a0Mit der Nutzung der Kommentarfunktion unserer Website erkl\u00e4rt sich der Nutzer mit den Nutzungsbedingungen, Datenschutzbestimmungen und s\u00e4mtlichen sonstigen rechtlichen Hinweisen einverstanden. Durch dieses Einverst\u00e4ndnis best\u00e4tigt er, dass er keine Beitr\u00e4ge einstellen wird, die gegen die Nutzungsbedingungen versto\u00dfen.<br>(3) Wenn der Nutzer die Nutzungsbedingungen nicht akzeptiert, ist er verpflichtet, die Nutzung unserer Website, insbesondere der Kommentarfunktion, unverz\u00fcglich zu beenden.<br>(4) Durch das Benutzen unserer Website kommt kein Vertragsverh\u00e4ltnis zwischen dem Nutzer und uns zustande, soweit in diesen Nutzungsbedingungen nichts anderes geregelt ist.<br>(5) Die Nutzung der Website und der Kommentarfunktion erfolgt auf eigene Verantwortung und mit eigenem Risiko. Die Nutzung unserer Website steht Personen \u00fcber 18 Jahren zur Verf\u00fcgung. Personen unter 18 Jahren bed\u00fcrfen der Einwilligung einer erziehungsberechtigten Person, die die rechtlich ma\u00dfgeblichen Erkl\u00e4rungen abzugeben hat. Soweit Nutzer mit einer Staatsangeh\u00f6rigkeit anderer Staaten als Deutschland das Portal nutzen, gelten die Vollj\u00e4hrigkeitsbestimmungen dieses Staates.<br>(6) Wir behalten uns das Recht vor, die Nutzungsbedingungen jederzeit zu \u00e4ndern, wobei der Nutzer mit einer erneuten oder weiteren Nutzung nach einer \u00c4nderung diese \u00c4nderung akzeptiert.<br>(7) Ferner behalten wir uns vor, die Kommentarfunktion oder die Website ganz oder teilweise ohne vorherige Mitteilung vor\u00fcbergehend oder dauerhaft zu \u00e4ndern oder zu entfernen. Eine Haftung unsererseits wird hierdurch nicht begr\u00fcndet.<br>\u00a7 2 Pflichten als Forum-Nutzer\/Forum-Nutzerinnen<br>\u00a0(1) Zu den Pflichten als Nutzer geh\u00f6rt, dass keine Beitr\u00e4ge ver\u00f6ffentlicht werden, die gegen diese Forenregeln, gegen die guten Sitten oder gegen geltendes deutsches oder europ\u00e4isches Recht versto\u00dfen.<br>Insbesondere folgende Aktivit\u00e4ten sind nicht gestattet (die Aufstellung ist nicht abschlie\u00dfend):<\/p>\n\n\n\n<ol class=\"wp-block-list\">\n<li>Die Ver\u00f6ffentlichung von Inhalten, die unwahre Tatsachenbehauptungen oder Schm\u00e4hkritik enthalten und\/ oder deren Ver\u00f6ffentlichung einen Straftatbestand oder eine Ordnungswidrigkeit erf\u00fcllt;<\/li>\n\n\n\n<li>die Versendung von Spam \u00fcber das Forum an andere Forum-Nutzer\/Form-Nutzerinnen, insbesondere Aktivit\u00e4ten, die nicht dem vorgesehenen Nutzen des Portals dienen und zu einer hohen Belastung der Infrastruktur f\u00fchren k\u00f6nnen, sowie Einsatz von Robots, Webspider oder \u00e4hnlichen Technologien;<\/li>\n\n\n\n<li>die Verwendung gesetzlich durch Urheber- und Markenrecht gesch\u00fctzter Inhalte ohne Berechtigung;<\/li>\n\n\n\n<li>die Einstellung wettbewerbswidriger Inhalte oder Werbung f\u00fcr ein Unternehmen sowie die Vornahme wettbewerbswidriger Handlungen;<\/li>\n\n\n\n<li>die mehrfache Einstellung von Themen ins Forum (sogenannte Doppelpostings);<\/li>\n\n\n\n<li>die Ver\u00f6ffentlichung von Inhalten, die beleidigende, rassistische, diskriminierende oder pornographische\/ jugendgef\u00e4hrdende Elemente aufweisen;<br>Der Nutzer ist verpflichtet, \u00a7 2 Abs. 1 Nr. 1-6 dieser Nutzungsbedingungen vor&nbsp;der Ver\u00f6ffentlichung seines Beitrages im Forum zu beachten und zu \u00fcberpr\u00fcfen, ob ein Versto\u00df m\u00f6glicherweise vorliegt.<br>(2)&nbsp;&nbsp;&nbsp;Sollte der Nutzer gegen \u00a7 2 Abs. 1 Nr. 1-6 dieser Nutzungsbedingung versto\u00dfen, behalten wir uns vor, folgende Schritte einzuleiten:<\/li>\n\n\n\n<li>eingestellte Beitr\u00e4ge zu l\u00f6schen oder zu kommentieren,<\/li>\n\n\n\n<li>den Nutzer f\u00fcr die weitere Nutzung des Forums zu sperren,<br>(3)&nbsp;&nbsp;Hat der Nutzer nicht die Forenregeln beachtet und sind hierdurch m\u00f6gliche Rechtsverst\u00f6\u00dfe entstanden, die durch seine eingestellten Inhalte in unserem Forum entstanden sind (Pflichtverletzung), verpflichtet sich der Nutzer, uns von jeglichen Anspr\u00fcchen, auch Schadenersatzanspr\u00fcchen, freizustellen und uns die Kosten einer erforderlichen Rechtsberatung oder Rechtsvertretung in angemessenem Umfang (gesetzliche Geb\u00fchren nach RVG) zu erstatten oder uns nach unserer Wahl von diesen Kosten vorab freizustellen.<br>\u00a7 3 \u00dcbertragung von Nutzungsrechten<br>Der Nutzer hat die alleinige Verantwortung, Urheberrechte i.S.d. UrhG bei Ver\u00f6ffentlichung von Kommentaren und Beitr\u00e4gen im Forum zu beachten. Der Nutzer r\u00e4umt uns mit Ver\u00f6ffentlichung seines Beitrages auf unserer Homepage lediglich das Recht ein, den Beitrag zum Abruf bereitzustellen. Wir haben das Recht, Kommentare und Beitr\u00e4ge zu l\u00f6schen, zu bearbeiten und innerhalb unserer Website zu verschieben, um diese mit anderen Inhalten zu verkn\u00fcpfen oder zu schlie\u00dfen.<br>&nbsp;\u00a7 4 Haftungsbeschr\u00e4nkung<br>(1) Wir \u00fcbernehmen keinerlei Gew\u00e4hr f\u00fcr die im Forum ver\u00f6ffentlichten und eingestellten Beitr\u00e4ge, Themen, externen Links und die daraus resultierenden Inhalte, insbesondere nicht f\u00fcr deren Richtigkeit, Vollst\u00e4ndigkeit und Aktualit\u00e4t. Wir sind auch nicht verpflichtet, permanent die \u00fcbermittelten und gespeicherten Beitr\u00e4ge des Nutzers zu \u00fcberwachen oder nach den Umst\u00e4nden zu erforschen, ob sie auf einen rechtswidrigen Inhalt hinweisen. Wir haften grunds\u00e4tzlich nur im Falle einer vors\u00e4tzlichen oder grob fahrl\u00e4ssigen Pflichtverletzung. F\u00fcr die vom Nutzer in das Portal eingestellten, ver\u00f6ffentlichten bzw. zug\u00e4nglich gemachten Inhalte tr\u00e4gt derjenige Nutzer selbst die Verantwortung, der sie eingestellt hat bzw. in dessen Auftrag sie eingestellt wurden. Bei minderj\u00e4hrigen Nutzern liegt die Verantwortung bei den Eltern oder sonstigen Erziehungsberechtigten.<br>(2) Wir weisen ausdr\u00fccklich darauf hin, dass etwaige juristische Beitr\u00e4ge und Diskussionen im Forum vollkommen unverbindlich sind. Die Nutzung der Beitr\u00e4ge und deren Verwertung erfolgt auf die eigene Gefahr des Nutzers.<br>(3)&nbsp;&nbsp;Bei Werbeschaltungen \u00fcbernehmen wir keine Haftung f\u00fcr den Inhalt und die Richtigkeit.&nbsp;F\u00fcr den Inhalt der Werbeanzeigen ist der jeweilige Autor einzig und allein verantwortlich; gleiches gilt f\u00fcr den Inhalt der beworbenen Website. Bei Darstellung der Werbeanzeige auf unserer Website sind wir nicht gleichzeitig mit dem rechtswidrigen Inhalt einverstanden. Daher liegt die Haftung ausschlie\u00dflich bei dem Werbekunden.<br>(4)&nbsp;&nbsp;Es ist wird nicht f\u00fcr einen st\u00e4ndigen unterbrechungsfreien Abruf der Website garantiert. Einer Haftung diesbez\u00fcglich wird hiermit ausdr\u00fccklich widersprochen. Auch bei gro\u00dfer Sorgfalt k\u00f6nnen Ausfallzeiten leider nicht ausgeschlossen werden.<br>(5) Wir haften nicht f\u00fcr Sch\u00e4den, die den Nutzern des Portals durch Computerviren oder sonstige sch\u00e4digende Mechanismen entstehen, die ihren Ursprung nicht bei uns haben.<br>(6) Wir handeln nach bestem Wissen und Gewissen und sind in unserer Funktion als technischer Dienstleister darauf ausgerichtet, f\u00fcr alle Nutzer einen m\u00f6glichst rechtssicheren, verst\u00e4ndlichen, einfachen und reibungslosen Nutzungsprozess zu erm\u00f6glichen und \u00fcbernehmen dar\u00fcber hinaus keine Verantwortung. Uns als Portal-Betreiber trifft kein Verschulden. Wir sind von jeglicher Haftung bis zur Grenze des \u00a7276 Abs 3 BGB frei. Die Nutzung unseres Portals ist f\u00fcr alle Nutzer freiwillig. Sollte der Nutzer mit den Bedingungen nicht einverstanden sein, diese aber trotzdem nutzen, so gilt dies als eine konkludente Einwilligung mit den jeweiligen, aktuellen Portal-Bestimmungen seitens des Nutzers.<br>&nbsp;\u00a7 5 Urheberrecht<br>S\u00e4mtliche Texte, Bilder und andere auf unserer Website ver\u00f6ffentlichten Informationen und Daten unterliegen &#8211; sofern nicht anders gekennzeichnet &#8211; dem Copyright unserer Seite. Jede Form von Wiedergabe und\/oder Modifikation darf nur mit der schriftlichen Genehmigung durch uns erfolgen. Andersfalls behalten wir uns das Recht vor gerichtlich gegen diese Rechtsverletzung vorzugehen. Alle Kosten, die durch eine Rechtsverletzung seitens eines Nutzers verursacht werden, sind durch diesen zu erstatten.<br>\u00a7 6 Rechtswahl, Gerichtsstand, Salvatorische Klausel<br>(1) Es gilt ausschlie\u00dflich das Recht der Bundesrepublik Deutschland.<br>(2) Der Gerichtsstand f\u00fcr jegliche Auseinandersetzung infolge der Nutzung dieser Website und der Kommentarfunktion ist Berlin. F\u00fcr Nichtkaufleute gelten die gesetzlichen Bestimmungen der Zivilprozessordnung (\u00a7\u00a7 12 ff. ZPO).<br>(3) Diese Nutzungsbedingungen sind als Teil unserer Website zu betrachten. Sollten Bestimmungen dieser Nutzungsbedingungen unwirksam sein oder werden, so ber\u00fchrt dies die Wirksamkeit der \u00fcbrigen Bestimmungen nicht. Die unwirksame Bestimmung ist durch eine Bestimmung zu ersetzen, die dem Willen der Beteiligten m\u00f6glichst nahekommt und zur Erreichung des gew\u00fcnschten Ziels am besten geeignet ist.<\/li>\n<\/ol>\n","protected":false},"excerpt":{"rendered":"<p>Wer wir sind Die Adresse unserer Website ist: https:\/\/buz-2-0.de. Kommentare Wenn Besucher Kommentare auf der Website schreiben, sammeln wir die Daten, die im Kommentar-Formular angezeigt werden, au\u00dferdem die IP-Adresse des Besuchers und den User-Agent-String (damit wird der Browser identifiziert), um die Erkennung von Spam zu unterst\u00fctzen. Aus deiner E-Mail-Adresse kann eine anonymisierte Zeichenfolge erstellt (auch [&hellip;]<\/p>\n","protected":false},"author":1,"featured_media":0,"parent":0,"menu_order":0,"comment_status":"closed","ping_status":"closed","template":"","meta":{"footnotes":""},"class_list":["post-45","page","type-page","status-publish","hentry","post-preview"],"_links":{"self":[{"href":"https:\/\/buz-2-0.de\/index.php?rest_route=\/wp\/v2\/pages\/45","targetHints":{"allow":["GET"]}}],"collection":[{"href":"https:\/\/buz-2-0.de\/index.php?rest_route=\/wp\/v2\/pages"}],"about":[{"href":"https:\/\/buz-2-0.de\/index.php?rest_route=\/wp\/v2\/types\/page"}],"author":[{"embeddable":true,"href":"https:\/\/buz-2-0.de\/index.php?rest_route=\/wp\/v2\/users\/1"}],"replies":[{"embeddable":true,"href":"https:\/\/buz-2-0.de\/index.php?rest_route=%2Fwp%2Fv2%2Fcomments&post=45"}],"version-history":[{"count":3,"href":"https:\/\/buz-2-0.de\/index.php?rest_route=\/wp\/v2\/pages\/45\/revisions"}],"predecessor-version":[{"id":82,"href":"https:\/\/buz-2-0.de\/index.php?rest_route=\/wp\/v2\/pages\/45\/revisions\/82"}],"wp:attachment":[{"href":"https:\/\/buz-2-0.de\/index.php?rest_route=%2Fwp%2Fv2%2Fmedia&parent=45"}],"curies":[{"name":"wp","href":"https:\/\/api.w.org\/{rel}","templated":true}]}}